12*l**2 - 8*l - 96. Let p be z(-12). Let w(d) be the third derivative of 0 - 7*d**2 - 1/24*d**4 - 1/3*d**3 + p*d. Determine w(-2).
0
Suppose -2*d + 5*v = -407, -5*d + 986 = -0*v - 2*v. Let p(x) = -x + d - 199 + 4*x + 4*x**2. Determine p(2).
19
Let y(o) = 7*o + 8. Let c(p) = -3*p - 4. Let s(n) = 5*c(n) + 2*y(n). Let j = 56 + -28. Suppose 3*l = -l - j. Determine s(l).
3
Let d(t) = -2*t + 12. Let n = 4 - 8. What is d(n)?
20
Let b(n) = -n**3 + n**2 + 2*n. Let u be b(2). Let i(v) = 48*v + 1 - 11 + 1 - 49*v + 2. Determine i(u).
-7
Let t(k) = -k**2 + 6*k. Let b be t(6). Let p(n) = n - 1. What is p(b)?
-1
Let n(u) be the second derivative of -u**3 - 3*u**2/2 - u. Suppose 82*c - 26 = -32 - 158. Give n(c).
9
Let q(j) = -j**3 + j - 1. Let m(u) = -6*u**3 - 10*u**2 + 17*u + 9. Let p(g) = -m(g) + 5*q(g). Calculate p(-11).
-3
Let s be 36/(-162)*(-9)/4. Let y(f) be the second derivative of 0 + s*f**2 - 1/3*f**3 + 12*f. Give y(2).
-3
Suppose -o - 1 = v, -3 = 3*v - 13*o + 8*o. Let i(c) = -36*c**3 + c**2. Determine i(v).
37
Let s be (-1)/(-4*(-2)/40). Let r(m) = 3*m - 2*m - 6 - 2*m - m. Let b be r(s). Let d(o) = o**2 - 3*o + 4. Determine d(b).
8
Let t(c) = c**2 - 3 + 461*c - 3 - 1 - 455*c. Calculate t(-8).
9
Let g(y) = -3*y**2 + y - 1. Let m(b) = -17*b**2 + 7*b - 9. Let n(w) = 6*g(w) - m(w). What is n(4)?
-17
Suppose 0 = -3*d + 4*x + 24, -4*x + 24 = d - 0*d. Suppose d = 9*i - 11*i. Let m(t) = 3*t - 3. Let o(q) = 2*q - 2. Let k(u) = -5*m(u) + 8*o(u). What is k(i)?
-7
Suppose 3*o + 22 = 4*b, 1 - 32 = 5*o - b. Suppose -6*c + 4 = -14. Let g(i) = c*i - i - i. Calculate g(o).
-6
Suppose 0 = 4*n - 10*n + 24. Let f(g) = 6*g + 0*g - n*g. Determine f(-1).
-2
Let l(k) = -k**3 + k**2 + k + 3. Suppose 0 = h - w - 5 - 10, 0 = -h + 3*w + 19. Let p = h + -13. Give l(p).
3
Let j(k) = -11*k**3 - 3*k**2 - 14*k - 3. Let y(d) = 2*d**3 + 2*d + 1. Let i(f) = j(f) + 6*y(f). Give i(-2).
-13
Let r(f) = -2*f + 3*f**2 - 5*f**2 + 7*f + 5*f**2 - 2*f**2. Let a = 3 - 5. Let g be -1 - ((-8)/a - 2). What is r(g)?
-6
Let r be ((1 - 119/21) + 5)*6. Let s(p) = 3*p**3 - 2*p**2 + 2*p + 2. Give s(r).
22
Let s(k) = 8*k**3 - 2*k**3 - 9*k - 11*k**2 - 7*k**3 + 1. Let w = -19 + 9. What is s(w)?
-9
Let n(k) = 15*k + 15. Let w(i) = -19*i - 16. Let v(m) = 5*n(m) + 4*w(m). What is v(12)?
-1
Let g = 7 - -2. Suppose i + 6 - g = 0. Let s(x) = x - 1. Calculate s(i).
2
Let w(a) be the first derivative of -a**3/3 + 7*a**2/2 + 6*a + 70. Calculate w(6).
12
Let d(u) = u**2 - 12*u - 4. Let p be (7 - (-161)/(-21))/((-12)/234). What is d(p)?
9
Let d(c) = -3*c**3 + 2*c**2 + 2*c + 1. Suppose 6*o + 4 = -20. Let v be (-5)/(0 + 1) - o. Calculate d(v).
4
Let t(o) = 10*o + 141. Let g be t(-14). Let x(s) be the third derivative of -11*s**4/24 + s**3/6 - 5*s**2. Determine x(g).
-10
Let a be 36/27 - 3/(-45)*-5. Let o(u) = 4*u**3 + 2*u**2 - u - 1. What is o(a)?
4
Let j(c) = c + 3. Let w = 92 + -80. Let l be (4/w)/(6/(-54)). Give j(l).
0
Let a(s) be the first derivative of s**4/4 - 8*s**3/3 + s**2 + 6*s - 151. Determine a(8).
22
Let v(f) = -f**2 - 4*f - 3. Let n be ((-7)/(-14))/(1/2). Let a be (0 - -2 - 5) + n. Calculate v(a).
1
Let x(q) = 37*q + 15*q - 2*q**2 - 87*q + 26*q + 35 + 41*q. Determine x(17).
1
Suppose -5*l + 15*m = 14*m + 36, -5*l = -3*m + 28. Let h(c) = c**3 + 9*c**2 + 8*c - 9. Give h(l).
-9
Suppose 101 = -23*d - 14. Let f(l) = 4*l - 7. Calculate f(d).
-27
Let k(a) = -a**3 - 6*a**2 - 4*a - 6. Suppose -3*f - f + 3*n + 5 = 0, -3*n + 35 = 4*f. Let g(v) = -v**3 + 3*v**2 + 8*v + 4. Let y be g(f). Calculate k(y).
18
Let u be (3/(-4))/((-2)/(-8)). Let b(v) = 4 + 86*v**2 + 0 - 87*v**2. What is b(u)?
-5
Let x be ((-3)/2 + 1)*12. Let y be 13 + 1/(-2)*4. Let f(a) = -7*a**3 + 4*a**2 - 2. Let i(q) = -4*q**3 + 2*q**2 - 1. Let z(h) = x*f(h) + y*i(h). Determine z(1).
-3
Let u(t) = t**2 - 13*t + 5. Let k be 5 - (-4 - (-6)/(-3)). Calculate u(k).
-17
Suppose 0 = l - 2588 + 2584. Let y(d) = -1 - 1 + 6*d - 4*d. Give y(l).
6
Suppose 0 = -0*z + z - 2. Let n(s) = -4*s**2 + 3*s**z + 4*s + 7*s**2 - 6 + s**3. Suppose -5*h = 3 + 22. Give n(h).
-1
Suppose -5 = -4*u + 91. Let h = -26 + u. Let a(l) = -l**2 - 2*l + 1. Determine a(h).
1
Let d(g) = g**2 + 8*g + 7. Suppose 0 = 147*h - 139*h + 56. Give d(h).
0
Let k(o) be the first derivative of -o**4/4 + 2*o**3 - o**2/2 + o + 15. Give k(6).
-5
Let a(h) = 2*h**2 + 2*h + 1. Let c be a(-1). Let k be 1/c - (-3 + -2). Let o(z) = 7 + 1 - 3 + z**2 - 35*z + 4 + 28*z. Calculate o(k).
3
Let o(d) = d**2 + 10*d - 48. Let f be o(-14). Suppose 0 = 3*x - 2 - 7. Let m(z) = x*z**3 + 3*z**3 - 6 - 7*z**3 - 7*z**2 - f*z. Determine m(-6).
6
Let p = -1 - 2. Let g(r) be the first derivative of r**4/4 + r**3 - r**2/2 + 3*r + 1765. Determine g(p).
6
Let n(r) = 3*r + 5. Let b be n(-4). Let q(l) = 2*l - 7. Let s(m) = -3*m + 6. Let p(x) = 4*q(x) + 3*s(x). Calculate p(b).
-3
Let p(f) = -f - 9. Let r(t) = t + 15. Let d(n) = 2*n + 29. Let m(s) = 4*d(s) - 7*r(s). Let w(i) = -4*m(i) - 5*p(i). Give w(-3).
-2
Let x(z) = -4*z + 4. Let s be x(6). Let b be ((-1)/(-2))/((-2)/s). Suppose 0 = 2*w - 5 - b. Let l(y) = y - 2. What is l(w)?
3
Let d(f) = 3*f**2 + 16*f - 30. Let b(j) = -2*j**2 - 15*j + 29. Let p(k) = -4*b(k) - 3*d(k). Let w be p(8). Let g(a) = a - 8 + 3*a - 3*a. Give g(w).
-2
Let c(h) = -5*h + 1. Suppose -17*j + 61 = 44. What is c(j)?
-4
Let w(u) = u**3 - 7*u**2 + 7*u + 4. Let x(l) = 3*l. Let j be x(2). Give w(j).
10
Let h(u) = -2*u**2 + 3*u**3 - 8*u**3 - 3*u - 3 + 4*u + 4*u**3 + 3*u**2. Calculate h(0).
-3
Let p be (-224)/7*(-2*1 - -1). Let x(g) = 31*g**2 - p*g**2 + 6 - 10. Let a be 0*(0 + 1 + 0). Calculate x(a).
-4
Let i(n) = 28*n + 18*n - 75*n + 28*n. Let m(a) = -a + 1. Let p be m(5). Calculate i(p).
4
Let i be ((-3)/(-9))/(5/285). Suppose 6*p + i = 7*p. Suppose 11 - p = 4*g. Let b(l) = -l + 2. Determine b(g).
4
Let d(z) = -4*z**3 - 5*z**2 - 5*z + 5. Let l(f) = 4*f**3 + 4*f**2 + 4*f - 4. Let o(r) = -5*d(r) - 6*l(r). What is o(1)?
-3
Let i(f) = -27*f + 7. Let w(d) = -3*d + 1. Let g(s) = -i(s) + 6*w(s). Determine g(6).
53
Let t(d) = -d + 16. Suppose 137*b = 152*b - 150. Give t(b).
6
Let l = 364 - 360. Let d(y) = y**3 - 3*y**2 - 5*y + 3. Determine d(l).
-1
Let r(m) = 3*m + 15. Let f = -192 + 184. Determine r(f).
-9
Let b(c) = -2*c + 58. Let g be b(30). Let o = 5 + -5. Let k(u) = o - u - 2 + 2*u. Calculate k(g).
-4
Let b(l) be the first derivative of -l**4/12 + 2*l**3/3 - 3*l**2/2 + 7*l - 4. Let q(g) be the first derivative of b(g). Give q(2).
1
Let x(r) = r - 1. Let j(u) = u**2 - 5*u + 6. Let f(v) = -j(v) - 6*x(v). Let t(g) be the first derivative of -g**2/2 + 6*g + 1. Let p be t(8). What is f(p)?
-2
Let q(w) = -w**3 + 2*w**2 + 5*w - 6. Suppose -d - 4 = -6*d - 4*i, -2*d - 3*i = 4. Determine q(d).
-18
Let h(b) be the second derivative of b**3/6 - 2*b**2 - 213*b. Determine h(0).
-4
Let l(i) be the first derivative of -i**4/4 + 14*i**3/3 + 15*i**2/2 + 22*i + 319. Calculate l(15).
22
Let o = -4 + 8. Let f(m) be the second derivative of 0 - m - 1/12*m**4 + 1/6*m**3 + 5/2*m**2. Give f(o).
-7
Let n(w) = -8*w - 20. Let j(o) = 9*o + 23. Let v(s) = -5*j(s) - 6*n(s). Give v(-3).
-4
Let y(g) be the second derivative of g**5/60 + 8*g**3/3 - 15*g. Let q(s) be the second derivative of y(s). Let d be 15/(-9) + 2/3. Calculate q(d).
-2
Let m(w) = w**3 - 4. Let g be m(0). Let y(k) = -k**3 + 3*k**2 + 5*k + 2. Let n(u) = 2*u**3 - 2*u**2 - 4*u - 1. Let c(h) = 2*n(h) + 3*y(h). Determine c(g).
-8
Let w(i) = -i**2 + 3*i - 4. Let q(h) = -h - 10. Let z be q(-5). Let s be (-2)/z + (-26)/(-10). What is w(s)?
-4
Let z(i) be the third derivative of -i**5/60 - 2*i**4/3 - 16*i**3/3 - 2*i**2. Let s be z(-14). Let b(j) = -j**2 - 6*j - 6. Determine b(s).
2
Let c be (-8)/20 - (-34)/10. Suppose 4*s - 20 = c*s. Let t = -27 + s. Let j(h) = h**2 + 7*h + 6. Determine j(t).
6
Let w(d) = d**2 - 3*d - 2. Let r = -8 + 12. Let u(a) = -3*a**2 + 8*a + 6. Let g(y) = r*u(y) + 11*w(y). Calculate g(-4).
-10
Let b(k) = 4*k**3 + 1. Let p(c) be the first derivative of -3*c**4 + c**3/3 - c**2/2 - 3*c + 26. Let l(z) = -7*b(z) - 2*p(z). Calculate l(1).
-5
Let p(t) = -t**3 - 6*t**2 - t - 6. Let i = 48 + -43. Suppose 0*l = i*l + 30. What is p(l)?
0
Suppose 2*t + u + 11 = -4*u, -1 = 2*t - 5*u. Let o(m) = -m**3 - 4*m**2 - 3*m + 4. Let g be o(t). Let a(c) = c - 3 + 0 + g - 2*c. Calculate a(4).